- 2 = -v*l. What is the units digit of -3 - -12 - l - 2?
3
Let p(u) = 3*u**2 - 4*u + 13. What is the hundreds digit of p(8)?
1
Suppose -7*p - 10 = -38. Suppose -o - 1 - 36 = -p*k, 2*k + 2*o - 26 = 0. What is the tens digit of k?
1
Let x = 14 - 11. Suppose 0*a - x = -a, 3*a - 54 = -r. What is the units digit of r?
5
Let d be ((-10)/(-15))/((-5)/(-15)). Suppose -d*n - 2*l + 494 = 0, n - 3*l + 491 = 3*n. What is the units digit of n?
0
What is the units digit of 298/10 + -5 + (-52)/(-10)?
0
Suppose 4833 = 5*w + 22*w. What is the hundreds digit of w?
1
Let r(t) = 2*t**2 + 5*t - 3. Let m = -5 + 1. Let p = m - 0. What is the units digit of r(p)?
9
Let t(z) be the second derivative of z**4/12 + 2*z**3/3 - 9*z**2/2 - 32*z. What is the units digit of t(15)?
6
Suppose 0 = 8*k + 46 + 122. What is the tens digit of (-105)/(-6) - (k/6)/(-7)?
1
What is the hundreds digit of -4*(3601/12)/((-9)/27)?
6
Let w(a) = 4*a**2 - a. Let b(q) = 4*q**3 + q**2 - 1. Let h be b(1). Let p be w(h). Suppose -2*m - m = -p. What is the tens digit of m?
2
Let n be (-1)/(-2*2/8). Suppose 3*d - 12 = 0, 0*m + 3*d = -n*m + 126. What is the tens digit of m?
5
Suppose -5*l + 28 = 2*l. What is the tens digit of 2/l + 905/10 + -2?
8
Suppose 2*y + y - q = 12, -2*y = -5*q + 5. What is the units digit of 1*77 + (y + -9)/2?
5
Let v(m) be the third derivative of 7*m**5/15 - m**3/6 - 9*m**2. What is the units digit of v(1)?
7
What is the thousands digit of 14679/10 - (-11)/110?
1
Suppose -u + 4 = 4*a - 3*u, 6 = 3*u. Suppose -4*f + 816 = a*f. What is the tens digit of f?
3
Let j(o) = -51*o - 15. Let g be j(-6). Let d = g + -173. What is the tens digit of d?
1
Suppose -4*i - 31 = -u, 4*u = i + 41 + 8. Let z = u - -19. Suppose 0*m - z = -2*w - 3*m, 33 = 5*w - 3*m. What is the units digit of w?
9
Let u be 4 - (3 + -5)/(-2). Suppose -u*s + 10 = -5. Suppose 114 = s*g - 11. What is the units digit of g?
5
Suppose -57 - 183 = 16*v. What is the hundreds digit of 225/((-5)/v + (-8)/(-12))?
2
Suppose -57*g = -52*g - 1735. What is the hundreds digit of g?
3
Suppose 762 = -a - 2059. What is the tens digit of a/(-35) - (-4)/10?
8
Suppose -5*d - 53 = 5*b - 3, -4*b = -d + 40. Suppose 4*w = -2*u + 169 + 11, 0 = -4*u + w + 387. What is the units digit of (u/b)/((-21)/70)?
2
Suppose -4*o - o = 4*b + 9505, 0 = 4*b + o + 9517. What is the units digit of ((-2)/(-4))/((-7)/b)?
0
Let z(a) = 3*a + 15*a**2 - 14*a**2 - 7 + 0*a. Let i be z(-5). Suppose -4*s + 95 = i*b, -b + 3*s + 35 = b. What is the tens digit of b?
2
Let k(p) = -p + 6. Let m = 13 - 12. Suppose -y + m = 4*x + 15, -2*y - 5*x = 22. What is the units digit of k(y)?
2
Let a = -9 - -27. Suppose 5*v = -c + 513, -c - 226 + a = -2*v. What is the hundreds digit of v?
1
Let i = -46 + 28. Let k be i/21*(0 - -7). What is the tens digit of (k - -2) + 106/2?
4
What is the units digit of 1221/10 + 40/(-400)?
2
Let h(g) = -33*g - 11. Let m be (1 - -8)*(-2 + (-25)/(-15)). What is the tens digit of h(m)?
8
Let c be 3/(-6) - (-89)/2. Suppose -2*d - 61 = -4*d + 5*j, 0 = -3*d - 2*j + c. Suppose -3*f - 5*o = -46, -47 = -2*f - 5*o - d. What is the tens digit of f?
1
What is the tens digit of (-2 - -1236)*(-4 + 54/12)?
1
Let c be 4/((-8)/146) + -3. Let z = c - -180. What is the units digit of z?
4
Let y = -1018 - -1920. What is the units digit of y?
2
Suppose 2*o - 2 = 4. What is the tens digit of ((-10)/3)/(-5) - (-160)/o?
5
Let r = 336 - 201. Suppose -r = -0*p - 5*p. What is the units digit of p?
7
Let v(j) = 120*j**2 - 4*j + 31. What is the tens digit of v(-5)?
5
Let r be 2 + (-4 - -5) + 1. Suppose -r*s + 21*s - 3383 = 0. What is the hundreds digit of s?
1
Let k = -8 + 16. Suppose -x = x - k. Suppose x*w - b = 84, 2*w - 56 = -w - b. What is the units digit of w?
0
Let m = 6 + -4. Suppose -5*j + 46 - 229 = -3*t, -124 = -m*t + 4*j. What is the units digit of t?
6
Let a(m) = 3*m + 2. Suppose 4*b = d - 7 + 27, -3*b - 3*d = -30. Let p be a(b). Let w = p - 15. What is the units digit of w?
5
Suppose 48*i - 38*i - 24480 = 0. What is the thousands digit of i?
2
Let y(q) = 2*q**2 - q - 1. Let l be y(-1). Let k be (-65)/(-7) - l/7. Let a = 19 - k. What is the units digit of a?
0
Let z(g) = g**3 - 5*g**2 - g - 4. Let s be z(5). Let j(k) = k**2 + 5*k - 3. Let t be j(3). Let r = t + s. What is the tens digit of r?
1
Let m = -2406 - -3985. What is the tens digit of m?
7
Suppose 8*d - 2*d = 516. Suppose 11*u + d = 13*u. What is the units digit of u?
3
Suppose z + 181 = 2*z + 5*l, 0 = -l. Let p = 68 + z. What is the hundreds digit of p?
2
Suppose l + 105 = 4*l. Let t = l - 12. Let r = -21 + t. What is the units digit of r?
2
Let h(z) = z**3 + 7*z**2 - 28*z - 16. What is the units digit of h(-9)?
4
Suppose 42*b - 10545 = 27*b. What is the tens digit of b?
0
Suppose -72*r = -59*r - 15470. What is the thousands digit of r?
1
Suppose -3*k - 2*v = -2*k + 7, -k = -5*v + 35. Let w be (-128)/(-60) + 2/k. What is the tens digit of 2 + 6/w + 18?
2
Let b(d) = -5*d - 3. Let t be (-6)/(-3) + -2 - 1. Let x = t - 2. What is the tens digit of b(x)?
1
What is the hundreds digit of (565/2)/(64/128)?
5
Suppose 0 = r + 2*r - 2*m - 15, 0 = -3*r - 2*m + 3. Let k = 21 - -1. Suppose -r*a = -f + 2*a + k, a = -5*f + 84. What is the tens digit of f?
1
Suppose -b - 10 + 103 = 3*i, -3*b + 2*i = -268. Suppose 0 = d + 4*h - 65, d - 4*h + 33 = b. What is the tens digit of d?
6
What is the hundreds digit of 181564/171 - 4/(-18)?
0
Suppose 4*l - 3*x = -4 + 159, 0 = 5*l - 3*x - 193. Let o = l - 8. What is the units digit of o?
0
Let q(r) = r**2 - 5*r - 33. Let p be q(16). Let y = p - 69. What is the units digit of y?
4
Let y(f) = 3*f**2 + 4*f - 6. Let w(a) = 3*a**2 + 4*a - 6. Let z(u) = -6*w(u) + 7*y(u). What is the units digit of z(-5)?
9
Let o(z) = -z**2 + 9*z + 4. Let t be o(7). Let l be 4/t + (-183)/(-27). Suppose -v + 31 = 3*p, -l*v - 5*p = -2*v - 205. What is the tens digit of v?
4
Suppose -50 = g - 11*g. Suppose g*o + 2*a - 51 - 831 = 0, 0 = -4*o + 2*a + 702. What is the tens digit of o?
7
Let f = -648 + 974. What is the tens digit of f?
2
Suppose -2*a - 8*r + 11*r = -818, 0 = 2*r + 8. What is the units digit of a?
3
Let w = -2092 + 3199. What is the units digit of w?
7
Suppose -5*f + 2917 = 4*z, 3*z + 2*f = 418 + 1761. What is the units digit of z?
3
Let s(j) = 61*j - 32. What is the hundreds digit of s(11)?
6
Let w = 7 - 1. Let g = -3 + w. Suppose 2*l = -2*q + 6*q + 36, -g*l - 4*q + 34 = 0. What is the units digit of l?
4
Suppose -250 = o - 5*u, -440 + 1690 = -5*o + 4*u. What is the units digit of (-3)/6 + o/(-4)?
2
Suppose 2167 = 16*s - 1769. What is the units digit of s?
6
Let n(y) = 33*y + 1. Let v(z) = 3*z + 26. Let g(s) = s**2 - 7*s - 16. Let p be g(8). Let m be v(p). What is the units digit of n(m)?
7
Let g be (-91)/(-7) - 1*3/(-3). Suppose -g*r + 1280 = -6*r. What is the units digit of r?
0
Let k(l) = l**3 + 22*l**2 - 27*l - 52. Let z be k(-23). What is the hundreds digit of (582/8)/(15/z)?
1
Suppose 5*d - 4*q - 199 = 0, -2*q = -d + q + 42. Let y = 69 - d. What is the tens digit of y?
3
Let c(i) = 31*i + 24. Let f be c(12). Suppose -f = r - 7*r. What is the units digit of r?
6
Suppose 3*s = -30 + 3. Let y = 34 + -48. Let m = s - y. What is the units digit of m?
5
Suppose -g = -4*h - 2682, 4*g + 4*h - 6474 = 4314. What is the hundreds digit of g?
6
Suppose -g + 16 = 3*g - 4*s, -3*s + 4 = -g. Suppose g = -2*c, 4*c + 1 + 0 = -5*w. Suppose -4*x - 87 = -w*v + 1, -v = -5*x - 33. What is the units digit of v?
8
Let x = 1 - 0. Let i = x + -8. Let q = i + 14. What is the units digit of q?
7
Let o(z) = z**2 + 4*z - 9. Let i be o(-6). Suppose i = -y + 18. Suppose 3*l = 39 + y. What is the tens digit of l?
1
Let h(a) be the third derivative of 47*a**6/60 - a**5/60 + 14*a**2. What is the units digit of h(1)?
3
Suppose k + 0*k = 317. Suppose 5*x = h - 119, 3*h - x + 6*x = k. What is the hundreds digit of h?
1
Let u(y) = 6*y**2 - 15*y - 7. What is the tens digit of u(8)?
5
Suppose 0 = 5*l - 6*l + 116. Suppose 0 = -3*r - 3*r + 216. What is the units digit of l/r + (-4)/18?
3
Let a = 1126 + -743. What is the tens digit of a?
8
Let h = -11 + 15. Suppose 5*a - h*a - 10 = 0. Suppose -14 - a = -4*w. What is the units digit of w?
6
Let g = -25 - -52. Let o = g + 4. What is the units digit of o?
1
What is the hundreds digit o